y(f) = f**3 + 9*f**2 - 445*f - 3624. Determine y(-8).
0
Let n(r) = 3*r**2 - 7*r - 4. Calculate n(-1).
6
Let w(k) = -k**3 - 13*k**2 + 40*k + 372. Give w(-16).
500
Let c(f) = 6576*f + 355101. Determine c(-54).
-3
Let z(u) = -u**3 + 7*u**2 - 13*u + 99. Determine z(7).
8
Let k(b) = -2*b**2 + 46*b - 185. Give k(6).
19
Let q(k) = -2*k**2 - 23*k + 87. What is q(4)?
-37
Let o(f) = f**3 + 151*f**2 + 158*f + 1193. Calculate o(-150).
-7
Let k(d) = -1391*d + 15301. What is k(11)?
0
Let q(m) = m**3 - 55*m**2 - 62*m + 325. What is q(56)?
-11
Let m(t) = -t**3 + 94*t**2 - 6*t + 571. Determine m(94).
7
Let n(g) = 2*g**2 + 23*g + 8. What is n(-6)?
-58
Let t(z) = -z**3 + 19*z**2 - 24*z + 16. Determine t(17).
186
Let l(o) = 171*o - 33515. Give l(196).
1
Let v(k) = k**3 + 11*k**2 - 30*k - 3. Give v(-14).
-171
Let w(j) = -107*j + 3747. Determine w(35).
2
Let m(c) = c**2 + 18*c - 4009. What is m(-73)?
6
Let z(w) = 27*w - 1253. Calculate z(48).
43
Let c(p) = -14*p**2 + 201*p - 18. What is c(13)?
229
Let l(s) = s**3 - 53*s**2 - 55*s + 61. What is l(54)?
7
Let g(n) = -12*n**2 - 28*n + 63. What is g(3)?
-129
Let f(t) = -t**3 - 8*t**2 - 53*t - 430. Determine f(-8).
-6
Let h(y) = -y**2 + 69*y - 1036. Calculate h(48).
-28
Let r(v) = 83*v - 67. Determine r(0).
-67
Let y(r) = 30*r - 1258. Calculate y(42).
2
Let c(a) = a**3 + 16*a**2 + 20*a - 56. What is c(-14)?
56
Let c(z) = 15*z**2 - 27*z - 37. Calculate c(3).
17
Let h(y) = 12*y**2 + 40*y - 27. Give h(-4).
5
Let v(k) = 466*k - 1850. Give v(4).
14
Let b(h) = -h**2 + 211*h - 5046. Give b(27).
-78
Let f(m) = 34*m**2 + 92*m - 49. What is f(-3)?
-19
Let b(p) = p**2 - 66*p - 131. Determine b(-2).
5
Let z(a) = 3*a**3 - 107*a**2 - 35*a - 17. Give z(36).
19
Let t(o) = 25*o - 2395. Determine t(96).
5
Let q(y) = y**2 + 14*y - 87. Calculate q(0).
-87
Let t(l) = -11*l + 130. Calculate t(4).
86
Let s(o) = 26*o + 248. Give s(11).
534
Let z(u) = -93*u - 2139. Determine z(-22).
-93
Let t(k) = -3*k**2 + 29*k - 87. Calculate t(3).
-27
Let p(v) = v**2 - 32*v + 67. Give p(30).
7
Let b(y) = -6*y**2 + 77*y + 227. What is b(-3)?
-58
Let d(u) = -1153*u + 10376. What is d(9)?
-1
Let b(i) = 663*i + 3949. Determine b(-6).
-29
Let g(u) = u**2 - 55*u + 107. What is g(2)?
1
Let l(a) = -15407*a + 107853. What is l(7)?
4
Let w(v) = 1548*v - 15487. Give w(10).
-7
Let p(y) = -16*y - 109. Determine p(-4).
-45
Let d(i) = i**2 + 13*i - 10. What is d(-11)?
-32
Let v(x) = 5*x**2 - 19*x - 91. Calculate v(-6).
203
Let g(c) = -107*c - 520. Determine g(-6).
122
Let h(g) = -2*g**2 - 111*g - 1287. Calculate h(-39).
0
Let y(m) = -5*m**3 + m**2 - 302*m + 303. What is y(1)?
-3
Let k(s) = 31*s**2 - 9*s + 1. Give k(-2).
143
Let g(n) = n**2 + 91*n + 1849. Determine g(-73).
535
Let k(o) = 4*o**3 + 5*o + 5. Calculate k(3).
128
Let q(t) = 3*t**3 + 50*t**2 + 5*t + 363. Give q(-17).
-11
Let c(t) = t**3 + 7*t**2 - 135*t - 1008. Give c(-8).
8
Let k(y) = -21*y**3 + 2*y**2 + 3*y - 8. Give k(2).
-162
Let z(t) = -4*t**2 - 196*t - 194. Calculate z(-48).
-2
Let x(q) = -q**2 - 104*q - 395. Calculate x(-100).
5
Let g(r) = -52*r + 1250. Give g(24).
2
Let q(v) = v**2 + 16*v + 3. Determine q(-20).
83
Let f(s) = -10*s**3 + 14*s**2 + s - 10. Calculate f(1).
-5
Let s(w) = -w**2 - 51*w - 395. Give s(-10).
15
Let u(t) = -6*t**2 + 51*t + 9. What is u(8)?
33
Let z(p) = -2*p**2 + 12*p + 45. Determine z(9).
-9
Let g(i) = -i**2 + 2*i + 3. What is g(-1)?
0
Let v(t) = 1849*t - 1935. Give v(1).
-86
Let l(j) = j**3 + 47*j**2 - 202*j + 96. Determine l(-51).
-6
Let m(z) = z**3 - 9*z**2 - 160*z - 43. What is m(18)?
-7
Let d(a) = -a**3 - 10*a**2 + 93*a - 19. What is d(5)?
71
Let y(r) = -r**2 - 4*r + 64. Calculate y(6).
4
Let i(p) = -6*p**2 + 22*p + 14. What is i(4)?
6
Let p(j) = -j**3 - 5*j**2 + 28. Give p(-4).
12
Let a(i) = i**3 - 13*i**2 - 39*i + 106. Determine a(14).
-244
Let i(h) = h**2 - 1024*h - 13479. What is i(-13)?
2
Let b(n) = 14*n - 615. Calculate b(47).
43
Let l(u) = 212*u - 2598. Give l(12).
-54
Let a(r) = -272*r**3 - 3*r**2 + 22*r + 22. Calculate a(-1).
269
Let h(l) = -31*l**2 - 618*l + 36. Determine h(-20).
-4
Let c(a) = 365*a**3 - 3*a**2 - 3*a + 5. Determine c(1).
364
Let s(i) = -5*i**2 - 136*i - 759. Calculate s(-8).
9
Let r(a) = 71*a - 4564. What is r(64)?
-20
Let s(l) = -20*l**3 + 4*l**2 + 22. Determine s(-4).
1366
Let q(m) = -10*m**2 - 96*m + 28. Calculate q(-10).
-12
Let c(a) = 4*a**2 - 23*a + 41. Calculate c(0).
41
Let l(g) = -417*g + 5017. Calculate l(12).
13
Let z(s) = 44*s**2 + 73*s + 62. What is z(-5)?
797
Let d(p) = p**3 + 16*p**2 + 56*p - 35. Give d(-7).
14
Let h(q) = -q**3 + 89*q**2 - 259*q + 101. Give h(86).
15
Let a(s) = -4*s**2 + 152*s + 146. Determine a(39).
-10
Let b(q) = -68*q + 2911. Determine b(42).
55
Let m(v) = v**3 - 44*v**2 - 13*v + 566. Give m(44).
-6
Let v(g) = -g**3 + 21*g**2 - 15*g - 136. What is v(20)?
-36
Let c(p) = 617*p - 4949. Determine c(8).
-13
Let u(l) = -l**3 + 14*l**2 - 47*l + 6. What is u(6)?
12
Let y(u) = -70*u + 2459. Determine y(35).
9
Let c(u) = -u**2 + 19*u + 63. Calculate c(-3).
-3
Let k(n) = 93*n**2 + 601*n + 268. Determine k(-6).
10
Let f(c) = 6*c**2 - 52*c - 10. Determine f(9).
8
Let l(s) = 64*s**2 - 317*s - 13. Determine l(5).
2
Let p(c) = -51*c**2 - 2*c + 12. Calculate p(-3).
-441
Let w(f) = -f**3 + 11*f**2 + f + 8. What is w(11)?
19
Let t(o) = 20*o + 151. Calculate t(-9).
-29
Let x(w) = -16*w + 334. Calculate x(19).
30
Let u(j) = 229*j + 7980. Calculate u(-35).
-35
Let h(i) = -5*i**3 + 12*i**2 - 4*i + 7. Calculate h(4).
-137
Let s(p) = p**3 + 82*p**2 + 1672*p - 209. Determine s(-43).
6
Let y(i) = 178*i - 5701. What is y(32)?
-5
Let t(x) = 9*x - 283. Determine t(25).
-58
Let s(r) = 97*r - 559. Calculate s(6).
23
Let y(w) = -6710*w - 12. What is y(0)?
-12
Let v(s) = -s**2 - 48*s + 559. Give v(-57).
46
Let o(a) = a**3 - 7*a**2 + 5*a - 41. What is o(7)?
-6
Let n(g) = -925*g + 1831. Give n(2).
-19
Let y(w) = 7*w**3 - 231*w**2 + 3*w - 117. Calculate y(33).
-18
Let a(x) = -x**3 - 35*x**2 - 5*x + 148. Give a(-35).
323
Let h(d) = 23*d - 188. Determine h(7).
-27
Let t(r) = r**3 - 11*r**2 + 10*r + 28. Calculate t(11).
138
Let j(t) = 3*t**3 - 7*t**2 + 15*t - 14. Determine j(5).
261
Let w(r) = 32*r**2 + 297*r + 26. What is w(-9)?
-55
Let j(u) = 5*u**3 + 4*u**2 - 16*u - 76. What is j(-5)?
-521
Let h(n) = 4*n**2 - 15*n - 32. Determine h(0).
-32
Let r(q) = -q**3 - 79*q**2 + 201*q - 3691. Calculate r(-82).
-1
Let s(t) = -199*t + 4700. Determine s(24).
-76
Let g(s) = -2836*s + 36881. Give g(13).
13
Let g(q) = -6*q - 29. Give g(6).
-65
Let l(q) = 3*q**3 + 18*q**2 - 3*q + 3. Determine l(-6).
21
Let y(f) = 18*f**2 - 16*f + 2. Calculate y(2).
42
Let a(h) = 2*h**3 - 49*h**2 + 116*h - 48. Give a(22).
84
Let g(l) = 28*l + 1335. Give g(-56).
-233
Let s(x) = -23*x - 1229. Give s(-43).
-240
Let j(f) = -2674*f + 26734. What is j(10)?
-6
Let r(k) = k**3 - 2*k**2 - 16*k + 25. Give r(5).
20
Let h(m) = -262*m - 1048. Determine h(-4).
0
Let b(z) = 2*z**3 + 5*z - 1. Determine b(-4).
-149
Let g(u) = 2*u**3 + 24*u**2 - 2*u - 32. Calculate g(-12).
-8
Let x(f) = 2461*f + 1. Determine x(0).
1
Let n(d) = -1129*d + 5641. Determine n(5).
-4
Let c(t) = -17*t + 581. What is c(30)?
71
Let u(d) = 2*d**3 + 45*d**2 - 2673*d + 2. What is u(27)?
2
Let m(l) = 4*l**2 - 36*l + 61. What is m(5)?
-19
Let f(k) = k**2 + 17*k + 95. Calculate f(-5).
35
Let t(l) = 3*l - 4. Determine t(-3).
-13
Let a(c) = -51*c**2 - 562*c + 14. Give a(-11).
25
Let c(s) = 20*s - 361. Give c(19).
19
Let y(o) = -2*o**3 + 12*o + 19. What is y(-6)?
379
Let s(y) = y**3 + 26*y**2 - 26*y + 32. Give s(-27).
5
Let f(l) = -l**3 - 10*l**2 - 14*l + 26. Calculate f(-6).
-34
Let b(s) = -s**3 - 52*s**2 - 4*s - 192. Give b(-52).
16
Let p(i) = 140*i - 115. Calculate p(1).
25
Let k(y) = -116*y - 5273. Calculate k(-44).
-169
Let h(x) = x**2 - 21*x + 12. Give h(20).
-8
Let p(v) = -v**3 + 21*v**2 + 17*v + 23. Give p(22).
-87
Let u(b) = -18*b - 10. Give u(1).
-28
Let f(h) = 2*h**2 - 53*h + 142. What is f(3)?
1
Let k(h) = -40*h**2 + 685*h - 74. Determine k(17).
11
Let i(k) = k**3 - 7*k**2 - 8*k + 44. What is i(4)?
-36
Let x(w) = 4*w**2 - 3*w - 1. Give x(-2).
21
Let g(b) = -6*b**2 - 23*b - 71. Determine g(-3).
-56
Let l(s) = -2*s**3 + 11*s**2 + 3*s + 14. Give l(7).
-112
Let c(y) = -77*y**2 - 10*y - 14. Determine c(-1).
-81
Let h(i) = -2*i**